12
In base 6, what is -314 - 0?
-314
In base 3, what is -2020 - -120?
-1200
In base 4, what is 202 - -113?
321
In base 9, what is -151 - -1?
-150
In base 16, what is -2f - 5d?
-8c
In base 13, what is -18 + 11?
-7
In base 6, what is 2 + -15?
-13
In base 11, what is -3 - -157?
154
In base 15, what is 1e - -6a?
89
In base 2, what is -10010 - 101?
-10111
In base 9, what is -26668 + -4?
-26673
In base 5, what is 21 - -2?
23
In base 8, what is 2 - 1156?
-1154
In base 13, what is -5 + -7c?
-84
In base 7, what is -22142 - 3?
-22145
In base 6, what is 240 - 14?
222
In base 2, what is -10 - 110?
-1000
In base 4, what is 1 - -3210?
3211
In base 2, what is -101 + -10001?
-10110
In base 13, what is 484 - 0?
484
In base 8, what is -4 + 13763?
13757
In base 8, what is -16 + -106?
-124
In base 16, what is 79b - 2?
799
In base 9, what is 1823 - -2?
1825
In base 2, what is -1 - -101?
100
In base 12, what is -1130 + -4?
-1134
In base 8, what is -1061 - 6?
-1067
In base 9, what is 20 + 63?
83
In base 13, what is -1bc - 4?
-1c3
In base 11, what is 308 + 3?
310
In base 10, what is 710 - -4?
714
In base 12, what is 224 + 37?
25b
In base 14, what is 1 - -105?
106
In base 2, what is 1101001 + 10?
1101011
In base 6, what is -3 - 3340?
-3343
In base 4, what is 310 - 311?
-1
In base 9, what is 1 + -336?
-335
In base 13, what is -5 - -49?
44
In base 5, what is 0 + -20000?
-20000
In base 3, what is -12 + -1?
-20
In base 10, what is 6 - 27?
-21
In base 8, what is 15 + 12?
27
In base 10, what is -3 + -91?
-94
In base 12, what is -224 + 36?
-1aa
In base 2, what is 1000 - 10101010?
-10100010
In base 6, what is 4 + 2245?
2253
In base 5, what is 31240 + -1?
31234
In base 13, what is -110 + -1?
-111
In base 15, what is -be - 4?
-c3
In base 5, what is -10210 + 10?
-10200
In base 8, what is -321 - 2?
-323
In base 14, what is a - 2?
8
In base 15, what is -19b - -1?
-19a
In base 3, what is -2 + -1022121?
-1022200
In base 2, what is -1000 + 11001000?
11000000
In base 12, what is 728 - 1?
727
In base 10, what is -2 - 32?
-34
In base 14, what is -8 + 4?
-4
In base 3, what is 1001 + 21?
1022
In base 13, what is 4 - -72c?
733
In base 9, what is 161 - -4?
165
In base 7, what is -2100 - 11?
-2111
In base 2, what is -10011 + 10?
-10001
In base 13, what is -9 - 0?
-9
In base 9, what is 14 - 27?
-13
In base 11, what is -2 + 22?
20
In base 8, what is -31 + 1335?
1304
In base 9, what is -387 + -5?
-403
In base 16, what is -1ac - -2?
-1aa
In base 9, what is -272 + -3?
-275
In base 5, what is -10 - -3423?
3413
In base 3, what is -2 + -1202211?
-1202220
In base 11, what is -8 + -699?
-6a6
In base 3, what is -2 + 102110?
102101
In base 6, what is 0 - 5432?
-5432
In base 6, what is -3 + -24?
-31
In base 6, what is 20 + -31?
-11
In base 5, what is -40333 + -2?
-40340
In base 5, what is -243 - -12?
-231
In base 13, what is 3 + 37?
3a
In base 2, what is -110100001 - 101?
-110100110
In base 13, what is -146 + 5?
-141
In base 6, what is 43 + -43?
0
In base 6, what is -434 - -5?
-425
In base 4, what is -1122 - 21?
-1203
In base 8, what is -5 + -47?
-54
In base 15, what is d7 - 1?
d6
In base 9, what is 16 + -20?
-3
In base 7, what is -11206 + 1?
-11205
In base 6, what is -252 - 321?
-1013
In base 4, what is 23 + 1113?
1202
In base 14, what is b57 + -1?
b56
In base 15, what is -16 - -b?
-a
In base 9, what is -87610 - 3?
-87613
In base 6, what is 0 + -14035?
-14035
In base 9, what is -4 + 2718?
2714
In base 15, what is -d + 9?
-4
In base 16, what is -3e - -24e?
210
In base 8, what is -2 - 215?
-217
In base 11, what is 17 - 0?
17
In base 2, what is 11 - -101101001?
101101100
In base 7, what is 5 + 10013?
10021
In base 15, what is -5 + 83?
7d
In base 6, what is 1 - 54?
-53
In base 14, what is 1d + 4?
23
In base 8, what is -201 + -17?
-220
In base 5, what is 4321 - 4?
4312
In base 4, what is -323 - 3232?
-10221
In base 6, what is 11445 + -23?
11422
In base 10, what is 6293 + 0?
6293
In base 14, what is 5 - 17?
-12
In base 13, what is 114 + -44?
a0
In base 8, what is -1471 + 4?
-1465
In base 11, what is -827 + -4?
-830
In base 7, what is -336 - 0?
-336
In base 6, what is -40 - -45?
5
In base 6, what is 13325 + 4?
13333
In base 15, what is -2 - 4d5?
-4d7
In base 11, what is 7 + 37?
43
In base 12, what is 406 + -3?
403
In base 6, what is 2 - 52?
-50
In base 2, what is -100001 - 11?
-100100
In base 15, what is -33 + -7?
-3a
In base 4, what is 2 + 33312?
33320
In base 13, what is 1cc6b + 1?
1cc6c
In base 15, what is -cb - -2?
-c9
In base 3, what is -11012112 - 11?
-11012200
In base 2, what is 100 + -101110?
-101010
In base 5, what is 11 - 0?
11
In base 9, what is -4044 - 2?
-4046
In base 13, what is -5 + -250?
-255
In base 6, what is -5 - 3144?
-3153
In base 16, what is 4 - -385?
389
In base 2, what is 101011111110 - -1?
101011111111
In base 9, what is 87 + 53?
151
In base 4, what is 10 + 102232?
102302
In base 15, what is 7 - -1b0?
1b7
In base 8, what is 1143 + 3?
1146
In base 12, what is -6 + -3?
-9
In base 8, what is -6 - -1?
-5
In base 15, what is -b - -d4?
c8
In base 3, what is -12 + 2?
-10
In base 10, what is -13 + 6?
-7
In base 10, what is -785 + 3?
-782
In base 11, what is 9 - -243?
251
In base 4, what is 131 + 223?
1020
In base 14, what is -28 + 41?
17
In base 15, what is -54 - 6c?
-c1
In base 2, what is -10 + -110010?
-110100
In base 9, what is 164 + 3?
167
In base 12, what is -152 + -2?
-154
In base 12, what is -30 - 2?
-32
In base 4, what is -1 + -11022?
-11023
In base 3, what is -10210 + -21?
-11001
In base 3, what is 100020 - 111?
22202
In base 12, what is -2 - 35?
-37
In base 3, what is 120202 + -21?
120111
In base 13, what is -49 - -10?
-39
In base 10, what is -4 - 5670?
-5674
In base 11, what is 4 + 5a?
63
In base 7, what is -16 + 1350?
1331
In base 9, what is 0 + 514?
514
In base 12, what is -5a6 - -4?
-5a2
In base 15, what is 0 - 2ea?
-2ea
In base 10, what is 0 + -712?
-712
In base 8, what is -1602 + 15?
-1565
In base 2, what is -100 + -101000000?
-101000100
In base 8, what is -2 - 37?
-41
In base 16, what is 9 + 10?
19
In base 16, what is -12f - 1d?
-14c
In base 10, what is 1587 + 1?
1588
In base 16, what is -4 + 577?
573
In base 10, what is 1 - -192?
193
In base 9, what is -21 + -20?
-41
In base 4, what is 3001 - 10?
2331
In base 3, what is -211 + 0?
-211
In base 16, what is 2ee + 6?
2f4
In base 5, what is 31 + -3340?
-3304
In base 10, what is 172 - 2?
170
In base 6, what is -403 - -14?
-345
In base 8, what is 4435 - 1?
4434
In base 8, what is -3 + -2061?
-2064
In base 15, what is -1 - -c8?
c7
In base 8, what is 704 - 5?
677
In base 4, what is 320 - -11?
331
In base 7, what is 2 + 400?
402
In base 3, what is -12120 + 10?
-12110
In base 14, what is -6c4 - -2?
-6c2
In base 14, what is 68d - -3?
692
In base 16, what is -1 - -f2a?
f29
In base 11, what is 43 - -12?
55
In base 16, what is -3b + c?
-2f
In base 4, what is 33031 + 0?
33031
In base 13, what is -a - 432?
-43c
In base 15, what is 98 - 8?
90
In base 8, what is 2506 - -4?
2512
In base 3, what is 22121111 - -2?
22121120
In base 4, what is 2 - 213?
-211
In base 5, what is -23 - 33?
-111
In base 4, what is 103 - -1022?
1131
In base 3, what is 101020 - -1020?
102110
In base 4, what is 12 + -2202?
-2130
In base 2, what is 1 - -11000?
11001
In base 3, what is 2121210 + -2?
2121201
In base 6, what is 40 + 0?
40
In base 10, what is 1068 - -2?
1070
In base 7, what is 0 - -2552?
2552
In base 5, what is 42001 + 4?
42010
In base 14, what is 2b9 + 14?
2cd
In base 11, what is 10 + 18?
28
In base 15, what is 0 - 638?
-638
In base 7, what is -21 - 106?
-130
In base 11, what is 4 - -13?
17
In base 14, what is -3 - -112d?
112a
In base 3, what is -12221 + -11000?
-100221
In base 9, what is 437 + 5?
443
In base 15, what is a - -20?
2a
In base 7, what is 134 + 16?
153
In base 11, what is -6 + 14?
9
In base 8, what is 3 - 6652?
-6647
In base 16, what is -13 - -5f?
4c
In base 6, what is 4 - -21314?
21322
In base 11, what is -1 - -802?
801
In base 16, what is 5 + 52?
57
In base 16, what is 21 - -1b?
3c
In base 4, what is -123 - 22?
-211
In base 8, what is -213 + 136?
-55
In base 13, what is -a4 - -38?
-69
In base 3, what is -1 - 11212102?
-11212110
In base 12, what is 11 + -7a8?
-797
In base 12, what is -150 - -1?
-14b
In base 15, what is 1 - 3b?
-3a
In base 13,